 = -36 + j. What is the units digit of m(s)?
8
Suppose -3*t + 11078 = 2*g - 8874, t - 6644 = -2*g. What is the hundreds digit of t?
6
Let v(f) = f**3 + 44*f**2 - 66*f + 371. What is the hundreds digit of v(-43)?
0
Let p = 26 + -48. Let f = 6 + p. What is the units digit of 153/(-6)*f/12?
4
Suppose 712*k - 704*k = 165440. What is the ten thousands digit of k?
2
What is the units digit of (156/(-130))/(187978/(-281940) + (-8)/(-12))?
6
Let b(x) = 4*x**2 + 192*x + 8565. What is the units digit of b(-124)?
1
Let a(s) = 18*s - 13*s - 11*s + 747*s**2 + 9*s + 3. What is the hundreds digit of a(-1)?
7
Let f = 3063 + -2874. Suppose 0 = y - 4*r - 46 + 11, 0 = -2*r - 8. Suppose -w + f = -y. What is the units digit of w?
8
Suppose -3*x - 5 = -7*x + 3*n, 2*n - 2 = 0. Suppose 0 = -y - 2*d + 603, x*y - d + 1218 = 4*y. What is the units digit of y?
1
Let s(w) = -71*w - 144. Let l be s(-2). What is the units digit of (-7)/35*l - (-14212)/20?
1
Let d = -118 + 122. Suppose 3*s - 19 + 4 = 0, -4*k + d*s + 108 = 0. What is the units digit of k?
2
Suppose 0 = c - 181 + 481. Suppose 0 = -k - 186 + 27. Let j = k - c. What is the tens digit of j?
4
Suppose 0 = 17*a - 19*a. Suppose 7*v - 3*v - 84 = a. What is the tens digit of 4 + v + (-2)/(-1)?
2
Let k = -1293 + 1768. What is the tens digit of k?
7
Let d = -7299 + 12845. What is the hundreds digit of d?
5
Let z(w) = w**2 + 3*w - 8. Let j be z(-5). Suppose -2*s + 24 = j*s - 4*x, -3*x = 4*s - 3. Suppose 372 = s*n + 30. What is the hundreds digit of n?
1
Let w = -358 + 535. Suppose 2125 = 182*u - w*u. What is the units digit of u?
5
Suppose -31 = 4*u + 1. Let f be (u/(-3))/((-4)/(-90)). Suppose -2 - f = -q. What is the units digit of q?
2
Let o(m) = 2500*m**2 - 358*m + 12. What is the hundreds digit of o(-4)?
4
Let h = 20698 + -13728. What is the thousands digit of h?
6
Let d(j) = 11*j**2 + 27*j - 55. Let t(v) = v**3 - 35*v**2 - v + 22. Let n be t(35). What is the units digit of d(n)?
3
Let h(d) = 69*d**2 + 26*d + 3. Let v be (36/9 - -6)*(-2)/5. What is the tens digit of h(v)?
0
Suppose 3*h + 6 = -3*v, 0*h - 4*v = -h + 8. Suppose 0 = 3*i + 3*u - 495, h*u - 3*u - 841 = -5*i. What is the units digit of i?
7
What is the hundreds digit of (-176)/11 - (28 - 1120)?
0
Let y(s) = -33*s + 29*s - 8 - 16. Let u be y(-6). Suppose 0 = -2*r + 4*x + 48, u*x + 108 = 4*r - 2*x. What is the tens digit of r?
2
Let q(j) = -4*j + 16. Let u be q(-3). Let o(s) = 3*s - 20. Let i be o(u). Suppose 0 = 5*w - f - i, -w + 4*f + 64 = 3*w. What is the units digit of w?
2
Let s = -144 + 157. Let v(a) = -a**3 + 14*a**2 - 14*a + 43. What is the units digit of v(s)?
0
Suppose 6 = -r + 2*z, -z - 6 = -4*r + z. Let j be (-18)/r*(-8)/(-12) + 108. Suppose 48 = 3*q + 2*d, -5*d = -0*q - 5*q + j. What is the units digit of q?
8
Let h be 6/4*(11 + (-42)/6). Suppose -2*c - 13728 = h*c. What is the units digit of c/(-16) + (-3)/(-4)?
8
Suppose d - 51 = -3*y, -5*d - 2*y + 172 = -96. Suppose -d = -6*p - 30. Suppose -5*x + p*q + 288 = 0, 5*q - 61 - 41 = -2*x. What is the units digit of x?
6
Let n(x) = -2*x**2 - 24*x - 22. Let y be n(-11). Let g be (91 - 8) + (-2 - 2) + y. Suppose -2*v = l - 158, -g = -2*v + v + l. What is the tens digit of v?
7
What is the hundreds digit of (-14)/(-126) - (364000/(-45) - -1)?
0
Suppose -6 = -40*r + 38*r. Let v(c) = 96*c + 17. What is the hundreds digit of v(r)?
3
Suppose 3*a + 8 = 7*a, -3*f + 44 = 4*a. Let x = f - 12. What is the units digit of -3 + x + 0 + 29?
6
Let a = -4 + 11. Suppose a*l + 411 = -744. What is the tens digit of (4/((-48)/l))/(3/12)?
5
Let l = 42300 + -13028. What is the hundreds digit of (-2)/(-15) + 11/(660/l)?
4
Let z(o) = -2*o**2 - 9*o + 2. Let v be z(-4). Suppose -1 = v*y - 19. Suppose 13 = y*q - 20. What is the tens digit of q?
1
Let v(f) = -f**3 + 18*f**2 - 4*f + 79. Let i be v(18). Suppose -i*b = 4*b - 2277. What is the hundreds digit of b?
2
Suppose 2*p + 2*g = 60350, 0 = -2*p + 1235*g - 1239*g + 60352. What is the hundreds digit of p?
1
Let m(v) = 2*v**3 + 8*v**2 - 10*v + 33. What is the units digit of m(11)?
3
Let j(h) = -20*h - 37. Suppose 5*m = z - 31, 2*m - z + 15 = 2*z. Let q(o) = -7*o - 12. Let i(x) = m*j(x) + 17*q(x). What is the tens digit of i(8)?
2
Let p = 17 + -14. Suppose p*z + o = -3*o + 33, 4*z + o = 57. Let n(r) = 6*r - 18. What is the units digit of n(z)?
2
Let i(m) = m - 3. Let x(h) = 2*h**2 - 2*h - 41. Let n(f) = -5*i(f) + x(f). What is the tens digit of n(9)?
7
What is the units digit of -19 + 16 + (3 - -5648)?
8
Let d = 45 + -54. Let w be (-7)/d + -1 + (-658)/(-126). Suppose -3*l - 150 = -w*l. What is the tens digit of l?
7
What is the thousands digit of (-216)/9 - (-32316 - 0)?
2
Let t(k) = k**2 + 16*k + 16. Let m(i) = -i. Let r(j) = 2*m(j) + t(j). Let f be r(-14). Suppose 4*y + 0 = f. What is the units digit of y?
4
Let p(h) = -h**3 - 12*h**2 - 12*h + 8. Let q = 369 + -380. What is the units digit of p(q)?
9
Suppose 2*u + 4*n + 132 = 0, u - 188 = 4*u + 4*n. Let i = u + -30. Let r = 194 + i. What is the units digit of r?
8
Let r = 118 - 13. Let d be ((-2)/(-5)*-1)/((-3)/r). What is the tens digit of d/(-7)*(-182)/4?
9
Let z(v) = -70*v - 1. Let d be -6*(84/(-9) - 1*4). Let i = d - 81. What is the units digit of z(i)?
9
What is the tens digit of -354*(6 + 3 - 752/48)?
6
Suppose 38*q - 1171855 = 852101. What is the tens digit of q?
6
Let m = 3633 - -779. What is the hundreds digit of m?
4
Suppose 5*w - 759 = -p, 3*p - w - 2213 = -0*w. What is the units digit of 6 + -6 + 6 + p?
5
Let q be (-6)/15 - (-162)/(-45). Let a be (-60)/5*1/q. Suppose 0*g - 836 = -a*w + 2*g, 0 = 2*w + g - 555. What is the tens digit of w?
7
Suppose -w = 2*p - 3747, 3*p - 1585 = -4*w + 4033. What is the thousands digit of p?
1
Let y(r) = 6*r**3 - 86*r**2 + 19*r - 21. What is the hundreds digit of y(16)?
8
Let m(b) = 122*b - 500. What is the tens digit of m(19)?
1
Let f = -73 - -20. Suppose -52*w - 25*w + 5113 + 5205 = 0. Let a = w + f. What is the tens digit of a?
8
Suppose -75 = h + 3*z + 6, 5*h - 5*z + 465 = 0. What is the hundreds digit of ((-5208)/310)/(4/h)?
3
Let r = -4 - -9. Suppose -4*u - 1417 = -r*l + 1565, -12 = 4*u. What is the tens digit of l?
9
Suppose -2*a - 18*a + 700 = 0. Let x(g) = -g**3 + 36*g**2 - 23*g - 13. What is the hundreds digit of x(a)?
4
Let h = 447 + -442. What is the tens digit of (-2531)/(-4) - (h + (-147)/28)?
3
Let z = 53 - 50. Suppose -3 - 3 = -z*o. Suppose o*y - 39 = 39. What is the tens digit of y?
3
Suppose -w + 11736 - 3601 = 0. What is the thousands digit of w?
8
Suppose -1095 = -2*r + 5*y, -4*r + 3*y - 2*y = -2181. Suppose 6*v = 8*v - j - r, 4*j = -5*v + 1330. What is the units digit of v?
0
Suppose 5*w + 4 = 19. Suppose 0 = 21*x - w*x - 3762. What is the tens digit of x?
0
Suppose 5*q = -15, -7*d - 3*q - 195 = -8*d. Suppose -d = -8*u + 294. What is the hundreds digit of (u/(-35))/6 + (-3009)/(-21)?
1
Let n = -807 + 1241. Suppose 5*i = 3*u + 730, 4*i - n = 5*u + 150. What is the tens digit of i?
4
Let o = -48 + 54. Suppose -o*f = 14*f - 80. What is the units digit of (6/f)/(27/1422)?
9
Let f = -29 - -38. Suppose f*z + 21*z = 1500. What is the units digit of z?
0
Let z(a) be the second derivative of 1/20*a**5 - 9/2*a**2 + a**4 + 0*a**3 + 11*a + 0. What is the hundreds digit of z(-10)?
1
Let v(w) = -w**3 + 8*w**2 + 5*w + 9. Let x be v(8). Suppose -4*y + x = -19. What is the tens digit of y?
1
Let g = 22388 + -6734. What is the hundreds digit of g?
6
Let t = 78 - 96. Let i = -14 - t. What is the units digit of 51/(-2 + i + -1)?
1
Suppose 5*z + 617454 = 22*z + z. What is the tens digit of z?
0
Suppose -10 = 5*s, -3*u - 38 = 2*s + 8. Let i(b) = 58 - 17*b - b**2 - 37 - 50. What is the tens digit of i(u)?
1
Suppose 3*j - 3*h - h - 419 = 0, -3*j + 2*h + 427 = 0. Let r = j - -246. Suppose 4*t - 5*d = 376, d = -5*t + r + 108. What is the units digit of t?
9
Let t(r) = -251*r - 24. Let a be t(2). Let x = 1174 + a. What is the units digit of x?
8
Let q be (53/(-2))/((-9)/72). Suppose -4*r - 2*c = -754, r + 3*c = -21 + q. What is the tens digit of r?
8
Suppose -20320 = -18*n + 9110. What is the hundreds digit of n?
6
Suppose 4*z + 1921 = 1045. Let x = z - -506. What is the hundreds digit of x?
2
Let f(c) = 587*c**2 + 3*c + 3. Let v(u) = 1762*u**2 + 8*u + 9. Let w(r) = -17*f(r) + 6*v(r). L